-4 + (-41)/(-2)). Let h be x(o). What is the hundreds digit of 6*(16 - -3) - (1 + h)?
1
Let h = -403 - -404. What is the tens digit of 3*h/((-3)/(-373))?
7
Suppose 25*s + 21*s = 654994. Suppose 2267 = 21*v - s. What is the tens digit of v?
8
Let o = -61 + 64. Suppose 4 + 39 = o*u + 5*r, -r + 79 = 5*u. Let w = u - -9. What is the tens digit of w?
2
Suppose 4*y - 28 = 2*q, 2*q + 13 = 5. Suppose -255 = 7*k - 276. Suppose -4*g = y*u - 31 - 153, -k*u = -4*g - 104. What is the tens digit of u?
3
Let z be ((-15)/(-20))/(5/18220*1). Let l = -1368 + z. What is the thousands digit of l?
1
Let d be (-2)/3*-1*(0 + 3). Suppose 2*r + 2*s = 190, -89 = -d*r + r - 4*s. What is the tens digit of r?
9
Suppose 115*q = 72*q + 739901. What is the ten thousands digit of q?
1
Let i = -16506 + 32712. What is the units digit of i?
6
Let o(h) = h**2 + 1. Let c(b) = -4*b**2 + 3*b - 10. Let r(t) = -c(t) - 3*o(t). Let z be r(5). What is the tens digit of (-33)/(-2)*(19 - z)?
3
Let h = 56 - 49. Suppose -3*t + 5 + h = 0. Suppose -i - 322 = -4*r + i, -4*r - t*i = -340. What is the units digit of r?
2
Let h be 1/(-2) - (66/4 + -4). What is the hundreds digit of (((-39)/(-2))/h)/(3/(-1462))?
7
Suppose -2*l + 40 = -6*l. Let d(h) = -2*h + 35. What is the units digit of d(l)?
5
Let u(f) = -1065*f + 4786. What is the tens digit of u(-16)?
2
What is the thousands digit of 4 - -22 - (-525090)/10?
2
Let k(l) = -8*l**2 - 28*l + 2. Let j be k(9). Let d = j - -1770. What is the units digit of d?
2
Let v(h) = 3082*h - 3806. What is the tens digit of v(6)?
8
Suppose 5*t + 80 = -5*x, -22 = 4*x - 2*t + 12. What is the tens digit of 774/2 + (x + 17 - 5)?
8
Suppose -12 - 6 = -2*v. Suppose -v*z + 6*z = -399. What is the tens digit of z?
3
Suppose 0 = -2*a + 2*z + 4, -3*a - 4*z = -3*z - 6. Suppose -a*f + 34 = 88. Let l = 58 + f. What is the tens digit of l?
3
What is the tens digit of (-15)/(-45)*41598 + 2?
6
Suppose 4*k = 5*i - 8745, 3*k + 3436 = 2*i - 55. What is the thousands digit of i?
1
Suppose -18*q = -13*q - 50. Let t be (-21)/6*(-1 + 6/14). Suppose v + 2*j = 61, q*j + 137 = t*v + 9*j. What is the units digit of v?
7
Let i(x) = -x**3 + 6*x**2 - 143*x - 39. What is the hundreds digit of i(-14)?
8
Let y(l) = 2*l**2 + 3*l - 21. Let u be y(-5). Suppose 4*b + p = 3*b + u, -5*p = -3*b + 74. What is the units digit of (1 - 2)*26*b/(-4)?
7
Let g(a) = -5551*a + 272. What is the hundreds digit of g(-9)?
2
Let t(r) = r**3 + 11*r**2 + 10*r + 10. Suppose 4*w + 2 = b, -5*w - 18 + 3 = 0. Let d be t(b). What is the units digit of 806/8 + d/40?
1
Let p be 99 - (3 + (3 - 1)). Suppose 0 = m - 24 - p. What is the hundreds digit of m?
1
Suppose 0 = 5*a - 5*y + 490 + 475, 4*y - 583 = 3*a. Let m be (5 - (-204)/48)*-8. Let n = m - a. What is the hundreds digit of n?
1
Suppose 5*l + 5*x = 7*l - 30, 4*x + 34 = 2*l. Suppose 10*u = l*u - 3840. What is the hundreds digit of u?
2
Let t(v) be the third derivative of -v**6/120 + 3*v**5/20 + 5*v**4/24 - 25*v**3/6 + 7*v**2 - 9. What is the tens digit of t(5)?
0
Suppose 0 = 81*x - 84*x + 66. Suppose -10*g = x*g - 9536. What is the units digit of g?
8
Let c = -26848 + 63641. What is the thousands digit of c?
6
Let g = 16620 + -11488. What is the tens digit of g?
3
Let b = -980 - -978. What is the tens digit of 35 + -32 - (-269 - b)?
7
Suppose 7*a = 228 + 3. Suppose -2*d + a = -29. What is the units digit of d?
1
Suppose 0 = -8*a + 13 + 3. Suppose 4*i + 16 = 0, a*l + 4*i = 2*i - 1264. What is the tens digit of 6/(l/(-124) - 5)?
9
Suppose 0 = -13*a + 5*a + 208. Let m be (-4)/(-3)*(-3627)/a. Let c = m - -368. What is the tens digit of c?
8
Let k(q) = 14*q**2 + 676*q - 266. What is the thousands digit of k(-59)?
8
Suppose -2*n - z - 7 = -0*z, 3*n - 2*z + 14 = 0. Let l(c) = -c**3 + c**2 + c - 8. Let v be l(n). Let g = v - 32. What is the tens digit of g?
3
Let b(r) = 4 - 102*r - 7 - 14*r. What is the hundreds digit of b(-2)?
2
Let q be 0 + 9/4 - 6/(-8). Suppose 0 = -w + 3*w - 4, -2*g + q*w + 1126 = 0. What is the units digit of g?
6
What is the tens digit of (-17 - (-412)/24) + (-46067)/(-6)?
7
Let s be -10*(15/2)/(-1). Let n = -2291 + 2297. Let y = s - n. What is the units digit of y?
9
Suppose 15*b + 37816 - 117233 = 76613. What is the tens digit of b?
0
Suppose 2*o - 1038 = l, 1204 = 5*o - 3*l - 1393. Suppose -o = 7*y - 2547. What is the tens digit of y?
9
Let f(j) = 4317*j**3 - 4*j**2 - 10*j + 24. What is the hundreds digit of f(2)?
5
Let q(j) = j**3 - 5*j**2 + 5*j - 16. Let x be q(5). Suppose x*c + 1315 = 14*c. What is the tens digit of c?
6
Let o be 0 + 39 + 8/(-2). Suppose o*n + 38412 = 31*n. What is the tens digit of n/(-45) - (-6)/10?
1
Let i = -116 + 119. What is the hundreds digit of 0 - 42770/(-50) - i/(-5)?
8
Let g(v) = 20099*v**2 - 36*v + 32. What is the tens digit of g(1)?
9
Suppose 4*y = -3*c - 7, 8*y = -5*c + 3*y - 5. Suppose -2*m + 827 = -l, 7*m - c*m - 1659 = -3*l. What is the units digit of m?
4
Let n(y) = -12*y + 6. Let g be -1 - (-28)/36 - 33/(-27). Let d be n(g). What is the tens digit of 114 - 2 - (d - -3)/(-1)?
0
Let l(g) = -g**2 + 0*g**2 - 99 + 6*g + 2*g**2 - 8*g. Let m be l(0). Let b = -52 - m. What is the tens digit of b?
4
Let c(p) = 7*p**3 + 28*p**2 + 112*p + 81. Let y(g) = 5*g**3 + 18*g**2 + 74*g + 54. Let i(l) = 5*c(l) - 8*y(l). What is the units digit of i(-5)?
8
Suppose -6*y = 1107 + 5253. Let x = 229 - y. What is the tens digit of x?
8
Let p(w) = 82 + 145*w + 64 + 10. What is the thousands digit of p(6)?
1
Let x be (-102*(-2)/(-10))/(6/(-15)). Suppose x = -2*y + 5*y. What is the units digit of (y - 3) + 2 + 2/(-2)?
5
Suppose -5*z - 70 = 405. Let d be (-6)/57 + (-1625)/z. Let i = 91 - d. What is the tens digit of i?
7
Let u(k) = -k**3 - 20*k**2 - 35*k + 16. Let g be u(-18). What is the hundreds digit of (45 - 20)/(g/(-14))?
1
What is the units digit of 0/(-3 + (-30)/(-6)) + 3536?
6
Let s = 140 + -129. Suppose -s*d + 8360 = 11*d. What is the hundreds digit of d?
3
Let y be (18/(-15))/(2 + 12/(-5)). Suppose -y*a = -45 + 36. What is the units digit of 1/a*(44 + 1)?
5
Let y(k) = -k**3 - 3*k**2 + 19*k + 48. Let r be y(-3). Let d(o) = 1. Let b(p) = -10*p - 1. Let x(w) = b(w) - 2*d(w). What is the tens digit of x(r)?
8
Let u = 336 + -314. Let i be 0 - -3 - 2 - -36. Let j = i - u. What is the units digit of j?
5
Let t = 1127 + 12384. What is the ten thousands digit of t?
1
What is the thousands digit of 2/4*(46 + -11)*706?
2
Suppose 8 = -3*d - 1, -2*o - 2*d = -2. Suppose j + 2 - 8 = -2*a, -o*a = -j + 6. Suppose 0 = -j*q + 5*q + 155. What is the hundreds digit of q?
1
Let b = 41 + -35. Let j be (-2)/12 + (-731)/b. What is the tens digit of 3/((-2)/(j/3))?
6
Suppose f = w - 659, -3310 = 16*f - 11*f - 2*w. Let y = f - -2597. What is the thousands digit of y?
1
Suppose 4*w = 3*n - 22, 7*n - 2*w = 3*n + 26. Let z be n + -3 + (-1 - 2). Suppose g + g - 2 = z. What is the units digit of g?
1
Let h(z) = z**2 + 8*z + 15. Let t be h(-3). Suppose x = -2*w - 0*w + 220, t = 2*w + 4*x - 214. What is the tens digit of w?
1
Let d = 489 + -271. Suppose 0 = 5*r - 1132 - d. What is the tens digit of r?
7
Suppose 0 = -4*p - 60 + 440. Suppose 93*a + 766 = p*a. What is the tens digit of a?
8
Let x = 6998 + -6740. What is the hundreds digit of x?
2
Let b(f) = 17*f - 14. Let z = -36 + 43. Suppose 0 = -4*i + 3*i + z. What is the hundreds digit of b(i)?
1
Suppose 6*z - 3*z = -4*o + 48, 3*o = -3*z + 45. Let a be z/3 + -4 - 0. Suppose 916 = 3*v - f, -v + 4*f + 57 + 241 = a. What is the tens digit of v?
0
Let o(f) = 1. Let q(u) = -u - 13. Let l(j) = -2*o(j) - q(j). Let c be l(-9). Suppose c*d = -0*d + 128. What is the tens digit of d?
6
Let d(z) = -z**2 - 12*z - 17. Let l be d(-11). What is the tens digit of (l - (-280 - 4)) + 2?
8
Let h(r) = -36*r**2 - 27*r - 4. Let o(n) = 36*n**2 + 27*n + 4. Let q(p) = -4*h(p) - 3*o(p). What is the tens digit of q(4)?
8
Let o = -4916 - -3004. Let n = o - -3353. What is the hundreds digit of n?
4
Let o(u) = 226*u + 38. What is the units digit of o(22)?
0
Let y = 194 + 514. Let d = -478 + y. What is the units digit of d?
0
Suppose 4*v = -3*g + 30 - 7, -4 = 3*v - 2*g. Suppose -26 = v*n - 5*q, -14 + 5 = -n - 3*q. What is the units digit of -14*((-12)/(-1))/n?
6
What is the ten thousands digit of (0 - 2/3)/((-398)/26132481)?
4
What is the hundred